{"id":2274,"date":"2015-03-16T17:34:01","date_gmt":"2015-03-16T16:34:01","guid":{"rendered":"http:\/\/www.gebrauchstext.de\/fr\/?page_id=2274"},"modified":"2015-08-19T15:05:01","modified_gmt":"2015-08-19T13:05:01","slug":"avis-juridique","status":"publish","type":"page","link":"https:\/\/www.gebrauchstext.de\/fr\/avis-juridique\/","title":{"rendered":"Avis juridique"},"content":{"rendered":"<h1>Avis juridique<\/h1>\n<div class=\"cols-wrapper cols-2\">\n<div class=\"col\">\n<p><strong>Responsable du contenu de ce site Web<\/strong><br \/>\nRainer Remmel<br \/>\nWolliner Stra\u00dfe 11<br \/>\n10435 Berlin, Allemagne<\/p>\n<p>T\u00e9l. : +49 (0)30 6107 6566<\/p>\n<p>No de TVA intercommunautaire : DE246673171<\/p>\n<\/div>\n<div class=\"col nomargin\">\n<p>Nous d\u00e9clinons toute responsabilit\u00e9 concernant les contenus de liens externes. Le contenu des sites indiqu\u00e9s en lien, de sites renvoyant \u00e0 gebrauchstext.de ou \u00e0 tout autre domaine enregistr\u00e9 au nom de Rainer Remmel rel\u00e8ve de la seule responsabilit\u00e9 des exploitants de ces sites.<\/p>\n<p><strong>Design et r\u00e9alisation technique :<\/strong><br \/>\nZorro Media \/ <a href=\"http:\/\/www.zorromedia.de\" target=\"_blank\">www.zorromedia.de<\/a><\/p>\n<\/div>\n<\/div>\n","protected":false},"excerpt":{"rendered":"<p>Avis juridique Responsable du contenu de ce site Web Rainer Remmel Wolliner Stra\u00dfe 11 10435 Berlin, Allemagne T\u00e9l. : +49 [&hellip;]<\/p>\n","protected":false},"author":1,"featured_media":0,"parent":0,"menu_order":0,"comment_status":"open","ping_status":"open","template":"template-full-custom.php","meta":[],"_links":{"self":[{"href":"https:\/\/www.gebrauchstext.de\/fr\/wp-json\/wp\/v2\/pages\/2274"}],"collection":[{"href":"https:\/\/www.gebrauchstext.de\/fr\/wp-json\/wp\/v2\/pages"}],"about":[{"href":"https:\/\/www.gebrauchstext.de\/fr\/wp-json\/wp\/v2\/types\/page"}],"author":[{"embeddable":true,"href":"https:\/\/www.gebrauchstext.de\/fr\/wp-json\/wp\/v2\/users\/1"}],"replies":[{"embeddable":true,"href":"https:\/\/www.gebrauchstext.de\/fr\/wp-json\/wp\/v2\/comments?post=2274"}],"version-history":[{"count":17,"href":"https:\/\/www.gebrauchstext.de\/fr\/wp-json\/wp\/v2\/pages\/2274\/revisions"}],"predecessor-version":[{"id":2465,"href":"https:\/\/www.gebrauchstext.de\/fr\/wp-json\/wp\/v2\/pages\/2274\/revisions\/2465"}],"wp:attachment":[{"href":"https:\/\/www.gebrauchstext.de\/fr\/wp-json\/wp\/v2\/media?parent=2274"}],"curies":[{"name":"wp","href":"https:\/\/api.w.org\/{rel}","templated":true}]}}

<h1>Avis juridique</h1>
<div class="cols-wrapper cols-2">
<div class="col">
<p><strong>Responsable du contenu de ce site Web</strong><br />
Rainer Remmel<br />
Wolliner Straße 11<br />
10435 Berlin, Allemagne</p>
<p>Tél. : +49 (0)30 6107 6566</p>
<p>No de TVA intercommunautaire : DE246673171</p>
</div>
<div class="col nomargin">
<p>Nous déclinons toute responsabilité concernant les contenus de liens externes. Le contenu des sites indiqués en lien, de sites renvoyant à gebrauchstext.de ou à tout autre domaine enregistré au nom de Rainer Remmel relève de la seule responsabilité des exploitants de ces sites.</p>
<p><strong>Design et réalisation technique :</strong><br />
Zorro Media / <a href="http://www.zorromedia.de" target="_blank">www.zorromedia.de</a></p>
</div>
</div>

<p>Avis juridique Responsable du contenu de ce site Web Rainer Remmel Wolliner Straße 11 10435 Berlin, Allemagne Tél. : +49 [&hellip;]</p>
