{"id":30,"date":"2015-03-13T19:13:00","date_gmt":"2015-03-13T18:13:00","guid":{"rendered":"http:\/\/www.gebrauchstext.de\/fr\/?page_id=30"},"modified":"2015-08-19T14:39:00","modified_gmt":"2015-08-19T12:39:00","slug":"revision-relecture","status":"publish","type":"page","link":"https:\/\/www.gebrauchstext.de\/fr\/revision-relecture\/","title":{"rendered":"R\u00e9vision\/Relecture"},"content":{"rendered":"<h1>Des relecteurs perspicaces : deux paires d\u2019yeux plut\u00f4t qu\u2019une<\/h1>\n<p>On sait tous que quand deux verbes se suivent, le deuxi\u00e8me est \u00e0 l\u2019infinitif, mais beaucoup d\u2019autres erreurs peuvent se glisser dans un texte. Fautes de grammaire \u00e0 part, il suffit parfois d\u2019un tout petit changement pour rendre un phras\u00e9 plus \u00e9l\u00e9gant.<\/p>\n<p>Vous gagnerez souvent \u00e0 faire relire vos textes. Envoyez-nous vos textes et nous en v\u00e9rifierons la forme et le contenu, en tenant compte de crit\u00e8res tels que l\u2019adaptation du registre et du style au public cible et bien s\u00fbr, d\u2019une orthographe et d\u2019une grammaire irr\u00e9prochables. On dit souvent que tout le monde sait \u00e9crire, mais un professionnel saura mieux produire un rendu cibl\u00e9 et \u00e9l\u00e9gant.<\/p>\n<p>Notre \u00e9quipe de relecteurs s\u2019en chargera avec plaisir \u2013 les m\u00eames services sont propos\u00e9s pour les textes en langues \u00e9trang\u00e8res. Et si vous nous <a href=\"https:\/\/www.gebrauchstext.de\/fr\/contact\/\">contactiez<\/a> ? Nous vous dirons comment nous pouvons vous aider et vous donnerons un devis sans obligation, si vous le souhaitez.<\/p>\n","protected":false},"excerpt":{"rendered":"<p>Des relecteurs perspicaces : deux paires d\u2019yeux plut\u00f4t qu\u2019une On sait tous que quand deux verbes se suivent, le deuxi\u00e8me [&hellip;]<\/p>\n","protected":false},"author":1,"featured_media":0,"parent":0,"menu_order":0,"comment_status":"open","ping_status":"open","template":"","meta":[],"_links":{"self":[{"href":"https:\/\/www.gebrauchstext.de\/fr\/wp-json\/wp\/v2\/pages\/30"}],"collection":[{"href":"https:\/\/www.gebrauchstext.de\/fr\/wp-json\/wp\/v2\/pages"}],"about":[{"href":"https:\/\/www.gebrauchstext.de\/fr\/wp-json\/wp\/v2\/types\/page"}],"author":[{"embeddable":true,"href":"https:\/\/www.gebrauchstext.de\/fr\/wp-json\/wp\/v2\/users\/1"}],"replies":[{"embeddable":true,"href":"https:\/\/www.gebrauchstext.de\/fr\/wp-json\/wp\/v2\/comments?post=30"}],"version-history":[{"count":16,"href":"https:\/\/www.gebrauchstext.de\/fr\/wp-json\/wp\/v2\/pages\/30\/revisions"}],"predecessor-version":[{"id":2918,"href":"https:\/\/www.gebrauchstext.de\/fr\/wp-json\/wp\/v2\/pages\/30\/revisions\/2918"}],"wp:attachment":[{"href":"https:\/\/www.gebrauchstext.de\/fr\/wp-json\/wp\/v2\/media?parent=30"}],"curies":[{"name":"wp","href":"https:\/\/api.w.org\/{rel}","templated":true}]}}

Révision/Relecture

<h1>Des relecteurs perspicaces : deux paires d’yeux plutôt qu’une</h1>
<p>On sait tous que quand deux verbes se suivent, le deuxième est à l’infinitif, mais beaucoup d’autres erreurs peuvent se glisser dans un texte. Fautes de grammaire à part, il suffit parfois d’un tout petit changement pour rendre un phrasé plus élégant.</p>
<p>Vous gagnerez souvent à faire relire vos textes. Envoyez-nous vos textes et nous en vérifierons la forme et le contenu, en tenant compte de critères tels que l’adaptation du registre et du style au public cible et bien sûr, d’une orthographe et d’une grammaire irréprochables. On dit souvent que tout le monde sait écrire, mais un professionnel saura mieux produire un rendu ciblé et élégant.</p>
<p>Notre équipe de relecteurs s’en chargera avec plaisir – les mêmes services sont proposés pour les textes en langues étrangères. Et si vous nous <a href="https://www.gebrauchstext.de/fr/contact/">contactiez</a> ? Nous vous dirons comment nous pouvons vous aider et vous donnerons un devis sans obligation, si vous le souhaitez.</p>

<p>Des relecteurs perspicaces : deux paires d’yeux plutôt qu’une On sait tous que quand deux verbes se suivent, le deuxième [&hellip;]</p>
