{"id":32,"date":"2015-03-13T19:13:52","date_gmt":"2015-03-13T18:13:52","guid":{"rendered":"http:\/\/www.gebrauchstext.de\/fr\/?page_id=32"},"modified":"2015-08-19T14:37:08","modified_gmt":"2015-08-19T12:37:08","slug":"redaction","status":"publish","type":"page","link":"https:\/\/www.gebrauchstext.de\/fr\/redaction\/","title":{"rendered":"R\u00e9daction"},"content":{"rendered":"<h1>Avec nous, votre succ\u00e8s est garanti aupr\u00e8s de petits et de grands \u2013 ou de tout autre public cible.<\/h1>\n<p>Les communications institutionnelles prennent des formes pour le moins diverses \u2013 comme les comp\u00e9tences de notre \u00e9quipe. Nos textes pr\u00e9senteront votre soci\u00e9t\u00e9 sous son meilleur jour. N\u2019\u00e9tant pas une agence publicitaire classique, cela signifie cr\u00e9er un concept et un contenu pour vos brochures, sites Web ou autres publications. Si votre approche est internationale, nous serons heureux de g\u00e9n\u00e9rer votre message dans toutes les langues n\u00e9cessaires.<\/p>\n<p>Nous proposons \u00e9galement des conseils d\u00e9taill\u00e9s sur les modes de communication les plus adapt\u00e9s \u00e0 votre soci\u00e9t\u00e9, qu\u2019il s\u2019agisse d\u2019une brochure, d\u2019un mailing, d\u2019une publicit\u00e9 dans un magazine sp\u00e9cialis\u00e9, d\u2019un publi-r\u00e9dactionnel ou d&#8217;un spot publicitaire \u00e0 la radio. Vous \u00eates \u00e9videmment le bienvenu si vous souhaitez participer \u00e0 la phase cr\u00e9ative. Il suffit de nous <a href=\"https:\/\/www.gebrauchstext.de\/fr\/contact\/\">contacter<\/a> pour que nous en discutions.<\/p>\n","protected":false},"excerpt":{"rendered":"<p>Avec nous, votre succ\u00e8s est garanti aupr\u00e8s de petits et de grands \u2013 ou de tout autre public cible. Les [&hellip;]<\/p>\n","protected":false},"author":1,"featured_media":0,"parent":0,"menu_order":0,"comment_status":"open","ping_status":"open","template":"","meta":[],"_links":{"self":[{"href":"https:\/\/www.gebrauchstext.de\/fr\/wp-json\/wp\/v2\/pages\/32"}],"collection":[{"href":"https:\/\/www.gebrauchstext.de\/fr\/wp-json\/wp\/v2\/pages"}],"about":[{"href":"https:\/\/www.gebrauchstext.de\/fr\/wp-json\/wp\/v2\/types\/page"}],"author":[{"embeddable":true,"href":"https:\/\/www.gebrauchstext.de\/fr\/wp-json\/wp\/v2\/users\/1"}],"replies":[{"embeddable":true,"href":"https:\/\/www.gebrauchstext.de\/fr\/wp-json\/wp\/v2\/comments?post=32"}],"version-history":[{"count":12,"href":"https:\/\/www.gebrauchstext.de\/fr\/wp-json\/wp\/v2\/pages\/32\/revisions"}],"predecessor-version":[{"id":2917,"href":"https:\/\/www.gebrauchstext.de\/fr\/wp-json\/wp\/v2\/pages\/32\/revisions\/2917"}],"wp:attachment":[{"href":"https:\/\/www.gebrauchstext.de\/fr\/wp-json\/wp\/v2\/media?parent=32"}],"curies":[{"name":"wp","href":"https:\/\/api.w.org\/{rel}","templated":true}]}}

Rédaction

<h1>Avec nous, votre succès est garanti auprès de petits et de grands – ou de tout autre public cible.</h1>
<p>Les communications institutionnelles prennent des formes pour le moins diverses – comme les compétences de notre équipe. Nos textes présenteront votre société sous son meilleur jour. N’étant pas une agence publicitaire classique, cela signifie créer un concept et un contenu pour vos brochures, sites Web ou autres publications. Si votre approche est internationale, nous serons heureux de générer votre message dans toutes les langues nécessaires.</p>
<p>Nous proposons également des conseils détaillés sur les modes de communication les plus adaptés à votre société, qu’il s’agisse d’une brochure, d’un mailing, d’une publicité dans un magazine spécialisé, d’un publi-rédactionnel ou d&#8217;un spot publicitaire à la radio. Vous êtes évidemment le bienvenu si vous souhaitez participer à la phase créative. Il suffit de nous <a href="https://www.gebrauchstext.de/fr/contact/">contacter</a> pour que nous en discutions.</p>

<p>Avec nous, votre succès est garanti auprès de petits et de grands – ou de tout autre public cible. Les [&hellip;]</p>
